9) to base 12
-5134a
Convert 2634802 (base 9) to base 15.
1d6bd5
What is 2251232 (base 11) in base 10?
3940037
What is -121122110221 (base 3) in base 11?
-204202
Convert -1444085 (base 11) to base 2.
-1001011101011010000010
What is e94a4 (base 15) in base 14?
153a5d
-10111111210 (base 3) to base 12
-33a56
Convert -333310111 (base 4) to base 7.
-2136043
Convert -23380 (base 13) to base 10.
-64324
What is -100100022011 (base 3) in base 9?
-310264
Convert 1120101122 (base 4) to base 2.
1011000010001011010
What is -2759ab (base 16) in base 14?
-4b1b63
Convert -7034a5 (base 12) to base 15.
-247c8e
201112321231 (base 4) to base 13
1a722c3
-101011001011001010 (base 2) to base 16
-2b2ca
Convert 255440 (base 8) to base 4.
111230200
What is 1025322 (base 6) in base 11?
349a4
What is -25550351 (base 7) in base 6?
-121550122
Convert -4c655 (base 16) to base 13.
-ac577
-201002002012010 (base 3) to base 15
-d53e46
34468a3 (base 11) to base 7
102140011
6256651 (base 7) to base 12
304351
Convert -3a565 (base 16) to base 4.
-322111211
-5020368 (base 9) to base 15
-37b472
Convert 212010210002210 (base 3) to base 10.
12297576
Convert -5b89 (base 16) to base 3.
-1012010220
What is -10021301 (base 4) in base 8?
-41161
Convert -22110020100012 (base 3) to base 2.
-10001001000110000111010
What is 190334 (base 10) in base 4?
232131332
-241451 (base 8) to base 11
-57179
What is -1110220112 (base 4) in base 5?
-42043041
-7caa3 (base 14) to base 12
-127a87
What is -70004 (base 12) in base 3?
-21101010011
Convert 13003333 (base 4) to base 12.
148a7
What is 267b5b (base 13) in base 14?
1a3550
-547726 (base 8) to base 5
-21344103
Convert 6c1d37 (base 16) to base 6.
411510343
Convert -829c2a (base 14) to base 7.
-52311653
What is -10001001 (base 3) in base 15?
-9ca
Convert 41009 (base 14) to base 4.
212030001
Convert -1815660 (base 11) to base 13.
-83bb04
-4d79a (base 16) to base 3
-121010022021
-670c9 (base 14) to base 7
-2060342
-242215 (base 7) to base 11
-30083
What is 25705245 (base 8) in base 14?
a94b09
5835 (base 12) to base 14
3825
122423131 (base 6) to base 8
11017337
-1a55464 (base 11) to base 3
-20111220122012
What is -aa4d9 (base 14) in base 13?
-115a37
What is 6b5b2 (base 12) in base 13?
50894
What is 4333134412 (base 5) in base 8?
43273700
What is -4a19a (base 12) in base 9?
-162751
Convert -123245610 (base 7) to base 4.
-131302300110
Convert -10110110110100101110 (base 2) to base 7.
-6236140
What is -1003245 (base 6) in base 4?
-23210231
What is 5755923 (base 11) in base 8?
46314330
What is 1167512 (base 8) in base 5?
40322102
What is 54325 (base 16) in base 15?
6c2b4
What is -11001101111101001100 (base 2) in base 6?
-30025312
-221756 (base 12) to base 16
-844f2
Convert -202321201 (base 4) to base 5.
-14033240
-763712 (base 14) to base 6
-221501044
10343431 (base 6) to base 11
1a1395
-8647002 (base 9) to base 8
-21540763
-4399fb (base 16) to base 14
-8347a3
751b7 (base 13) to base 15
428c1
Convert -3805074 (base 10) to base 12.
-1336016
342450 (base 8) to base 6
2253024
Convert 454505 (base 7) to base 6.
1422155
5874ed (base 16) to base 5
2441001401
-f657d (base 16) to base 3
-1220021010011
Convert -baa5b (base 15) to base 8.
-2206101
Convert -77e83 (base 16) to base 6.
-14305443
-1020032212 (base 4) to base 10
-295846
Convert 1100001111011000110001 (base 2) to base 5.
1310140003
-750173 (base 9) to base 6
-13322103
Convert -100000000111001110 (base 2) to base 11.
-8a907
What is 1148152 (base 9) in base 14?
122d02
-1626aa (base 11) to base 12
-102099
What is 140be4 (base 16) in base 8?
5005744
120392 (base 11) to base 5
22101142
Convert 112522014 (base 6) to base 8.
7773272
Convert -10302113210 (base 4) to base 13.
-34c247
What is 12f7c (base 16) in base 10?
77692
Convert -157073 (base 10) to base 6.
-3211105
Convert 305814 (base 10) to base 16.
4aa96
What is 630780 (base 11) in base 5?
224324124
Convert 1088843 (base 11) to base 8.
7177500
Convert 6222200 (base 9) to base 13.
8c3a9c
20122001002 (base 3) to base 10
130520
80531 (base 11) to base 4
130300013
2d560 (base 15) to base 8
435644
-214144040 (base 5) to base 9
-1664003
Convert 88823 (base 9) to base 3.
2222220210
-24136 (base 10) to base 12
-11b74
Convert -10100102110020 (base 3) to base 15.
-252549
Convert -1100601 (base 7) to base 4.
-200321133
-1200426 (base 14) to base 15
-b4edd7
Convert 1a0451 (base 14) to base 8.
3412327
Convert -12032323 (base 4) to base 15.
-7871
Convert 7222587 (base 10) to base 12.
25038a3
17a5e (base 16) to base 13
3511c
-1110201013 (base 4) to base 3
-122120212121
Convert -36a0ce (base 15) to base 3.
-11220220020012
What is -122020301 (base 4) in base 13?
-39962
What is 151d6 (base 16) in base 14?
23738
27033 (base 12) to base 7
312201
What is 13a1461 (base 11) in base 6?
123301010
60613 (base 8) to base 6
311335
Convert -4545263 (base 9) to base 10.
-2451117
Convert -100201433 (base 5) to base 10.
-397118
-1065342 (base 7) to base 12
-65623
63a047 (base 14) to base 2
1100110110101011011111
Convert -1000011111001101111 (base 2) to base 3.
-112010112000
31003133100 (base 4) to base 5
1334002120
-576881 (base 9) to base 16
-5489b
1075602 (base 8) to base 15
5c092
What is 8529b (base 14) in base 3?
121100010021
What is -79ba76 (base 12) in base 2?
-111011011110100111010
Convert 403323034 (base 5) to base 14.
302746
-11063230 (base 7) to base 8
-3514512
What is 4341433 (base 6) in base 3?
101221122010
What is 4b746 (base 15) in base 9?
406853
-308a5b (base 12) to base 5
-143334311
What is 11000100000100110 (base 2) in base 14?
2882a
187678 (base 10) to base 7
1411111
-21211202 (base 3) to base 7
-22445
What is -100201222010201 (base 3) in base 16?
-4efac0
What is -251331 (base 13) in base 14?
-191943
Convert 489a5b (base 12) to base 14.
22958b
Convert 21122202022111 (base 3) to base 10.
4069507
What is -1e0ac (base 15) in base 10?
-98037
Convert 110010110101001101 (base 2) to base 16.
32d4d
Convert 3362310 (base 7) to base 13.
118701
165114 (base 11) to base 13
8c4c4
-121202020010 (base 3) to base 7
-2542101
What is 57326 (base 8) in base 7?
130532
23033333 (base 4) to base 8
131777
What is -1635467 (base 10) in base 7?
-16621061
Convert c5b034 (base 14) to base 8.
31357346
What is -77227 (base 9) in base 12?
-25781
Convert 440696 (base 12) to base 8.
4073722
Convert -60686 (base 9) to base 7.
-224262
What is -3465132 (base 7) in base 4?
-1222202100
What is 13302304 (base 5) in base 3?
20211210001
101010011000111110010 (base 2) to base 4
11103013302
What is -4213030 (base 5) in base 15?
-15a10
Convert 325120034 (base 6) to base 4.
112102113112
What is -7b2a2 (base 14) in base 15?
-5dba5
-74be (base 15) to base 2
-110000010000000
What is -245370 (base 10) in base 9?
-413523
What is -19a2957 (base 12) in base 5?
-2343001101
What is 661929 (base 14) in base 4?
31031031201
-4535385 (base 10) to base 8
-21232131
-10223123112 (base 4) to base 16
-12b6d6
What is 40754 (base 14) in base 13?
557a7
What is 23230202232 (base 4) in base 7?
35026602
-872529 (base 10) to base 12
-360b29
Convert -371356 (base 8) to base 15.
-27ca1
What is 11001011221202 (base 3) in base 13?
5a3242
What is -110078 (base 10) in base 2?
-11010110111111110
111101011100110011000 (base 2) to base 13
556699
What is -57a092 (base 13) in base 6?
-112314333
Convert 110010101001010011110100 (base 2) to base 9.
26874720
155003 (base 11) to base 7
2022242
Convert 55764305 (base 8) to base 7.
204306000
What is 151c98 (base 13) in base 15?
a3933
Convert 36341266 (base 8) to base 9.
16012075
-b371 (base 12) to base 9
-28704
What is 121022221 (base 3) in base 13?
555a
Convert -176134 (base 11) to base 7.
-2211035
1e0db (base 16) to base 7
1021614
-370612 (base 9) to base 2
-110110100101010011
684218 (base 12) to base 16
196c34
What is -1100010110001001001 (base 2) in base 15?
-7ed03
Convert -143104104 (base 5) to base 11.
-475260
Convert 314985 (base 12) to base 9.
1411752
-5dc432 (base 14) to base 5
-1311103114
Convert 41340120 (base 5) to base 2.
1010011000001000011
What is 46b76 (base 14) in base 11?
108577
Convert 335e5d (base 16) to base 8.
14657135
494887 (base 10) to base 16
78d27
What is -20565 (base 12) in base 4?
-22110131
Convert 531447 (base 8) to base 4.
223030213
Convert 392136 (base 10) to base 13.
109644